ase 11) to base 7.
-23145
Convert 1002210021 (base 3) to base 9.
32707
What is -1221 (base 4) in base 14?
-77
What is 1458 (base 13) in base 2?
101110000010
-57cd (base 16) to base 3
-1010211111
What is -3233303 (base 4) in base 3?
-210001102
What is 241 (base 9) in base 7?
403
32404 (base 9) to base 14
7b77
Convert 10342 (base 9) to base 13.
3164
Convert 38 (base 15) to base 12.
45
What is 10936 (base 10) in base 11?
8242
-13a34 (base 11) to base 14
-7361
What is -5744 (base 11) in base 16?
-1d7e
2546 (base 14) to base 9
8855
What is -4200 (base 14) in base 8?
-26150
Convert -20015 (base 9) to base 11.
-9962
What is 418 (base 10) in base 11?
350
6602 (base 8) to base 10
3458
-3842 (base 16) to base 3
-201202102
Convert 45d4 (base 14) to base 11.
9139
12020110 (base 3) to base 4
323223
-53420 (base 6) to base 14
-2924
What is -51 (base 7) in base 11?
-33
Convert -828 (base 9) to base 4.
-22202
-21302 (base 7) to base 11
-3a83
Convert a7b (base 14) to base 11.
1611
Convert -1702 (base 16) to base 5.
-142030
-111401 (base 5) to base 6
-30224
Convert 492 (base 14) to base 2.
1110010000
-267 (base 11) to base 14
-187
Convert 222202 (base 7) to base 11.
274a9
-1516 (base 8) to base 2
-1101001110
Convert -2181 (base 11) to base 3.
-10221101
What is 10143 (base 14) in base 11?
27066
3200 (base 7) to base 15
502
Convert 20da (base 16) to base 14.
30ca
2000110122 (base 3) to base 5
2232312
Convert 441 (base 7) to base 12.
169
What is -3c4 (base 14) in base 9?
-1034
What is b8b (base 16) in base 15?
d20
What is -1178 (base 9) in base 4?
-31301
Convert 80e (base 15) to base 3.
2111012
Convert -2002 (base 3) to base 13.
-44
What is -31847 (base 10) in base 16?
-7c67
What is 13031001 (base 4) in base 6?
344333
What is 133311 (base 5) in base 16?
1550
Convert -11111110100010 (base 2) to base 8.
-37642
-20616 (base 8) to base 12
-4b7a
Convert -12102022 (base 3) to base 8.
-7556
-9031 (base 15) to base 16
-76d5
Convert -5340 (base 6) to base 2.
-10010111100
What is -2c1 (base 14) in base 8?
-1061
Convert -91aa (base 13) to base 5.
-1120312
What is -1066 (base 7) in base 16?
-187
-1030301 (base 4) to base 8
-11461
What is -2a0 (base 12) in base 14?
-212
Convert 265 (base 8) to base 9.
221
What is 1024 (base 12) in base 8?
3334
Convert -15c (base 16) to base 6.
-1340
What is -132001 (base 4) in base 13?
-b4a
471 (base 9) to base 4
12010
Convert -402431 (base 5) to base 13.
-5b19
What is 12340 (base 5) in base 3?
1022221
Convert 14418 (base 9) to base 6.
113242
Convert 43636 (base 7) to base 14.
3dc6
Convert -4430 (base 5) to base 16.
-267
Convert 1175 (base 9) to base 4.
31232
What is -17732 (base 9) in base 13?
-5771
Convert -11a3 (base 13) to base 16.
-9c3
-2cc (base 13) to base 14
-282
Convert b2c (base 13) to base 10.
1897
Convert -8967 (base 15) to base 8.
-70702
Convert -10001000010 (base 2) to base 15.
-4ca
What is 101011111 (base 2) in base 10?
351
What is 2345 (base 9) in base 3?
2101112
Convert 89a5 (base 12) to base 14.
57ad
6530 (base 12) to base 3
120021000
What is 10002021 (base 3) in base 13?
103c
What is 20110102 (base 3) in base 2?
1001001100101
What is -2a62 (base 13) in base 3?
-22110022
4072 (base 12) to base 16
1b56
What is -538 (base 13) in base 2?
-1101111100
Convert -11100011010100 (base 2) to base 14.
-5432
-33167 (base 9) to base 12
-108a4
Convert -536 (base 9) to base 11.
-369
Convert 167 (base 9) to base 8.
216
What is 26143 (base 10) in base 16?
661f
6c8 (base 13) to base 16
49a
-20299 (base 10) to base 6
-233551
What is -2120210200 (base 3) in base 16?
-c6c6
Convert 722 (base 15) to base 8.
3107
-81 (base 12) to base 3
-10121
What is -2221121 (base 4) in base 3?
-112212112
Convert -ee5 (base 15) to base 4.
-310211
-20735 (base 10) to base 2
-101000011111111
Convert 42513 (base 9) to base 13.
ca50
5a63 (base 16) to base 4
11221203
455562 (base 7) to base 6
1424033
1304 (base 5) to base 16
cc
Convert 3964 (base 15) to base 8.
27724
Convert -15bc0 (base 13) to base 3.
-2010000022
Convert 179 (base 11) to base 9.
250
What is -101231 (base 4) in base 2?
-10001101101
1269 (base 15) to base 6
30100
Convert 11537 (base 8) to base 6.
34543
What is 101101011000 (base 2) in base 6?
21240
-495 (base 16) to base 5
-14143
What is 12222012 (base 3) in base 5?
114402
Convert 1000011111110110 (base 2) to base 10.
34806
-1110022 (base 3) to base 8
-2045
-24170 (base 8) to base 9
-15181
Convert -250 (base 16) to base 4.
-21100
-2030332 (base 4) to base 5
-242042
3b5 (base 15) to base 12
5a5
What is 1010 (base 6) in base 14?
11c
What is -86536 (base 9) in base 8?
-157724
-173575 (base 8) to base 13
-22ab8
What is -12021011 (base 4) in base 9?
-37452
2a49 (base 11) to base 10
3925
Convert 6a8 (base 13) to base 15.
51c
What is -42a7 (base 12) in base 6?
-53531
Convert 12451 (base 6) to base 9.
2544
Convert -446e (base 15) to base 16.
-38a8
What is 26c7 (base 14) in base 16?
1ab7
What is 3305 (base 6) in base 16?
2f9
Convert 110120 (base 4) to base 8.
2430
What is 203401 (base 6) in base 11?
1130a
What is -14812 (base 9) in base 4?
-2132120
What is -20710 (base 8) in base 9?
-12768
-4001 (base 6) to base 14
-45b
Convert 34150 (base 7) to base 15.
2874
What is 10542 (base 6) in base 16?
5de
Convert -10100100110 (base 2) to base 9.
-1724
9838 (base 10) to base 5
303323
Convert -402342 (base 7) to base 13.
-24cba
-130 (base 5) to base 16
-28
Convert 23427 (base 8) to base 3.
111201122
Convert -1106 (base 15) to base 12.
-2106
-aaa (base 14) to base 11
-1649
What is -9944 (base 12) in base 10?
-16900
What is 213 (base 12) in base 13?
1a4
What is -10000012 (base 3) in base 16?
-890
What is 25543 (base 6) in base 4?
330213
What is 411113 (base 5) in base 2?
11001111100011
Convert 20210 (base 3) to base 6.
503
Convert 111101110110100 (base 2) to base 7.
161220
Convert 321 (base 5) to base 16.
56
What is 111321 (base 7) in base 8?
46401
20260 (base 7) to base 11
3793
What is -11b1 (base 13) in base 14?
-cb4
What is -231d (base 14) in base 11?
-4649
What is -b19 (base 12) in base 4?
-121011
2766 (base 11) to base 6
24325
Convert -a (base 14) to base 10.
-10
1003004 (base 5) to base 11
1102a
-1232 (base 6) to base 12
-218
Convert -21304 (base 6) to base 3.
-11000011
What is 203155 (base 8) in base 7?
366602
Convert 230133 (base 6) to base 5.
1110442
4729 (base 13) to base 4
2130112
What is -3769 (base 11) in base 4?
-1030303
-1220212 (base 3) to base 5
-21100
122100 (base 3) to base 9
570
100101011010110 (base 2) to base 12
b106
5687 (base 16) to base 15
686b
Convert 5a5 (base 11) to base 16.
2d0
What is 24b (base 12) in base 15?
182
What is -6124 (base 7) in base 2?
-100001001101
Convert 354 (base 8) to base 12.
178
1783 (base 11) to base 8
4335
Convert -10031 (base 4) to base 5.
-2034
1ca0 (base 14) to base 2
1010001110100
-2501 (base 8) to base 6
-10121
9a (base 13) to base 16
7f
Convert -579 (base 13) to base 9.
-1260
What is -421 (base 9) in base 2?
-101010111
What is 142254 (base 7) in base 2?
110101001100010
-6c5 (base 16) to base 12
-1005
-6ad (base 14) to base 10
-1329
What is -240 (base 10) in base 4?
-3300
What is -151 (base 15) in base 13?
-1a2
-1012202 (base 4) to base 13
-2093
25476 (base 8) to base 12
64a6
Convert 561 (base 7) to base 2.
100100000
-141217 (base 8) to base 6
-1022331
101000101100001 (base 2) to base 15
628d
10208 (base 11) to base 12
874b
11001100 (base 2) to base 14
108
-142c (base 16) to base 7
-21025
538 (base 12) to base 2
1011111100
Convert 33131 (base 4) to base 16.
3dd
Convert 2226 (base 12) to base 8.
7276
What is 3541 (base 8) in base 13?
b24
What is 10767 (base 10) in base 9?
15683
What is 60b4 (base 13) in base 14?
4c01
Convert -22452 (base 6) to base 9.
-4345
What is -1b3 (base 15) in base 10?
-393
2002203 (base 4) to base 16
20a3
What is -5113 (base 7) in base 5?
-24044
Convert 306 (base 13) to base 10.
513
What is 42202 (base 5) in base 16?
af2
-15938 (base 10) to base 2
-11111001000010
-423 (base 8) to base 9
-335
What is 1759 (base 10) in base 8?
3337
What is 1056 (base 8) in base 7?
1425
What is -1301 (base 16) in base 4?
-1030001
Convert 1192 (base 10) to base 9.
1564
Convert -222110 (base 3) to base 7.
-2040
d6e5 (base 16) to base 4
31123211
10100010 (base 3) to base 9
3303
-3d5 (base 15) to base 3
-1012102
Co